) be the second derivative of -v**5/20 - 3*v**4/4 + 13*v**2/2 - 3*v. Suppose -5*q - 15 = 30. List the prime factors of z(q).
13
Suppose 7 = -5*q + 67. Let o(u) = u**2 - 3*u - 1. Let l be o(4). Suppose q = l*f + f. What are the prime factors of f?
3
Let i(g) = g**2 + 5*g - 36. List the prime factors of i(8).
2, 17
Let i be 6/(-3)*1*-4. Let q = -5 + i. What are the prime factors of q?
3
Let m be (-6)/(-21) + (-6)/21. Suppose -t - t + 72 = m. What are the prime factors of t?
2, 3
Let g(u) = -u**3 - 4*u**2 + 4*u - 5. Let d be g(-5). Suppose 4*k = -d*k. Suppose k = 5*p - 19 - 11. List the prime factors of p.
2, 3
Suppose 4*p + 63 + 17 = 0. List the prime factors of p/50 - (-132)/5.
2, 13
Let q(i) = -16*i - 8. List the prime factors of q(-9).
2, 17
Let a(q) = q**2 - q - 4. Let h be a(3). Let v(t) = 4*t**2 + t - 2. Let c be v(h). Suppose -c = -6*j + 4*j. List the prime factors of j.
2
List the prime factors of ((-76)/10)/(6/(-30)).
2, 19
Let y be (1/(-2))/((-6)/12). Let h(x) = 2*x**3 + 2*x**2 - 2*x + 1. List the prime factors of h(y).
3
Let o(c) = -3*c + 16. What are the prime factors of o(-8)?
2, 5
Let d be (-4)/(-6) + 300/(-18). Let m = 32 + d. List the prime factors of m.
2
List the prime factors of (133 - 1)*(-26)/(-39).
2, 11
Let p = -22 + 84. What are the prime factors of p?
2, 31
Let z(t) = -t**3 + 13*t**2 + 6*t - 5. List the prime factors of z(13).
73
Let v = 912 + -525. What are the prime factors of v?
3, 43
Let x = -23 - -11. Let k = -8 - x. Suppose 0 = -2*m - 5*y - 11, k*y + 28 - 6 = 5*m. List the prime factors of m.
2
List the prime factors of 36/3 + (-2)/1.
2, 5
Let b = 26 - 14. Let t(x) = x**2 - 8*x. List the prime factors of t(b).
2, 3
Let k(b) = -2*b - 1. Let i(z) = -1. Let h(f) = 4*i(f) + k(f). List the prime factors of h(-6).
7
Let t(i) = i**3 - i**2 - 5*i + 24. What are the prime factors of t(0)?
2, 3
Let b = -4 - -38. What are the prime factors of b?
2, 17
Suppose 4*d - 2*h - 42 = 3*d, 0 = -4*h. Let t = 14 + -10. Suppose -5*y = z - d - 15, -y + t*z = -24. What are the prime factors of y?
2, 3
Let d = -6 - -6. Suppose m + d = 22. What are the prime factors of m?
2, 11
Let w = 3 - 0. Suppose 2*g - c - 97 = -3*g, 3*c = w*g - 51. What are the prime factors of g?
2, 5
Suppose 0 = -5*k + 5*s + 115, -69 = -5*k - 2*s + 74. List the prime factors of k.
3
Suppose -2*k = -3*x + 401, -2*x + 6*x + k - 531 = 0. Let h = x - 90. Let i = -31 + h. List the prime factors of i.
2, 3
Let i = 13 - -7. Let r = i - 10. List the prime factors of r.
2, 5
Let u(l) = 35*l**2 - 2*l - 1. List the prime factors of u(-1).
2, 3
Let n = 36 + -5. What are the prime factors of n?
31
Suppose 2*h - 39 = -p, -h = -3*p + 3*h + 107. Suppose y = 4*t - p, 5*t + 0*t - 48 = 3*y. List the prime factors of t.
3
Let k(r) = r**2 - 9*r - 14. Let j(z) = 2*z**2 - 3*z - 2 + 4 + 0*z. Let p be j(3). List the prime factors of k(p).
2
Let g be -2 - -3 - 1*-3. Suppose g*d - 7 = 1. Suppose -d*x + 4 = -4. What are the prime factors of x?
2
Suppose 0 = 3*o - 4*r + 1, 0 = -2*o + 5*r - 3. List the prime factors of 6/(-2) + (15 - o).
11
Let r be 2/(-8)*(0 + -4). Suppose q = -2*k - r + 2, 3*q + 27 = 4*k. List the prime factors of k.
3
Let z = 50 - 22. What are the prime factors of z?
2, 7
Let u(a) = a**3 + 9*a**2 - 12*a - 11. Let k be u(-10). What are the prime factors of (-1)/(-3) - (-114)/k?
13
Let v = -9 - -9. Suppose 4*h - 107 + 35 = v. What are the prime factors of h?
2, 3
What are the prime factors of (1/2)/(6/564)?
47
Let r = 40 - 11. Suppose -44 = -f - 2*l, 4*f + 3*l + 58 = 219. Suppose -4*n + f = -u - 0*u, -3*n + u = -r. What are the prime factors of n?
3
Let r(g) = 3*g**2 + 4. List the prime factors of r(3).
31
Let g = -1 + 24. Let i = -35 + g. What are the prime factors of (-2 - 1)/(9/i)?
2
Let i(x) = -17*x**3 + 2*x**2 - 2*x + 1. Let k(g) = 17*g**3 - 2*g**2 + 3*g - 2. Let f(w) = 3*i(w) + 2*k(w). What are the prime factors of f(-1)?
2, 3
Suppose 0 = 2*m + 2*c + 2*c - 18, -c - 6 = -3*m. Suppose m*p - 14 = 13. What are the prime factors of p?
3
Let t(o) = -o**3 + 4*o. Suppose 5 = 4*q + 17. List the prime factors of t(q).
3, 5
Suppose 5*t + 5*l = -25 + 120, 97 = 5*t + 4*l. Let m = t + -14. List the prime factors of m.
7
Let p(z) = -z**3 + 1 + 0 + 2*z**2 - 2*z + 5*z. What are the prime factors of p(-2)?
11
Let v be (-172)/16 - (-1)/(-4). Let q(u) = -2*u. What are the prime factors of q(v)?
2, 11
Let q be 3/(2 - (-3 - -6)). List the prime factors of 0 - (-17 - q) - 3.
11
Suppose -2*f + f + 2 = 0. Suppose 0*t + 2 = -t - f*w, -w = -5*t + 34. List the prime factors of t.
2, 3
Let v(l) = -l**2 + 6*l - 1. Let y be v(5). Suppose y*f = -4*r, f - 2*r - 2 = 2*f. List the prime factors of (-28)/(-35)*5/f.
2
List the prime factors of 15/(-9)*-2*(-1992)/(-20).
2, 83
Let p(c) = c**3 + 5*c**2 - 4*c - 5. List the prime factors of p(-3).
5
Let f be (-80)/(-36) - (-4)/(-18). Let x = 10 - f. List the prime factors of x.
2
What are the prime factors of (4 + 280/3)*(-3)/(-2)?
2, 73
Let u = -3 + 5. Let x be u*(-1)/(-2)*2. Suppose -b = 5*k - 11, x*b = -6 - 2. What are the prime factors of k?
3
List the prime factors of 34/9 + (-2)/(-9) + 2.
2, 3
Let h(i) = -i**3 - 11*i**2 - 10*i + 6. List the prime factors of h(-10).
2, 3
Let f(j) = j - 7. Let m = -1 + 7. Let g be f(m). Let c = 7 - g. List the prime factors of c.
2
What are the prime factors of 41 - 4*(-1)/(-4)?
2, 5
Let g = -17 - -29. List the prime factors of g.
2, 3
Let a = -8 + 9. Let u be (-2)/6*(4 - a). What are the prime factors of (-2 + u - -23)/1?
2, 5
Let y(c) = 2*c**2. Let p be y(1). Let h = p - -2. What are the prime factors of h?
2
Suppose 5*k - 18 = 3*k. Suppose -4*p - k - 27 = -2*l, p = 5. What are the prime factors of l?
2, 7
Suppose 11 - 26 = -3*s. Suppose -2*d - 5*k + 27 = 0, -2*d - s*k + 37 = -10*k. What are the prime factors of d?
2
Suppose 18 = -3*y + 36. List the prime factors of y.
2, 3
Let v = -6 - -7. Suppose -4*k = -m - 16, -3*m = 5*k - 19 - v. Suppose m*c - c = -12. List the prime factors of c.
2, 3
Let z = 1 + 2. Suppose x + 2*w = -0 - 8, 3*x - 12 = 3*w. Suppose -a + z + 5 = x. List the prime factors of a.
2
Let k = 37 - -2. What are the prime factors of k?
3, 13
Suppose j - 4*j + 5*o = -21, -4*j = 4*o + 4. List the prime factors of -2 - (-2 + j/(-1)).
2
Suppose -10 = -2*r + 70. What are the prime factors of r?
2, 5
Suppose -r - w + 93 = 0, 2*r + 5*w = 7*r - 415. List the prime factors of r.
2, 11
Let m(t) = -54*t**3 + t**2 + 2*t + 1. List the prime factors of m(-1).
2, 3
Let h(m) be the third derivative of -m**6/120 + m**5/10 + m**4/6 - 3*m**3/2 + 8*m**2. List the prime factors of h(5).
2, 3
Let v = 10 - 5. Suppose -q = -1 - v. List the prime factors of q.
2, 3
Let g(q) = q**2 - q + 1. Let h(k) = 5*k**2 - 17*k + 17. Suppose 0 = -3*l + l + 8. Let p(x) = l*g(x) - h(x). What are the prime factors of p(11)?
3
Let p be 1*(1 - 2 - 2). Let c be -2*1 + (-3)/p. Let y(h) = 7*h**2 + h + 1. What are the prime factors of y(c)?
7
Suppose 0 = 4*c - 3*s - 131, 0*c = -c + 2*s + 34. What are the prime factors of c?
2
Let o be 5/2*(5 + -3). Suppose -5*g = -g - d - 33, -o*g - 3*d = -37. What are the prime factors of g?
2
Let b = 219 + 73. What are the prime factors of b?
2, 73
Let b be (-1)/2*(-3 + 3). Suppose b = -3*f - 2*s - 2*s + 126, s = f - 35. What are the prime factors of f?
2, 19
Suppose g + 4 - 18 = 0. Suppose 4*b - g = -r, -2*r = r - b + 23. List the prime factors of 3/(1/(-8)*r).
2
Suppose 25*d = 23*d + 524. What are the prime factors of d?
2, 131
Let g(i) = -i. Let m(u) = -2*u. Let b(w) = -7*g(w) + 4*m(w). What are the prime factors of b(-4)?
2
Suppose -4*c - 50 = -k, k + 5*c = -k + 35. List the prime factors of k.
2, 3, 5
Suppose d + 2 = 6. Suppose -d*o + o + 3*y + 123 = 0, 94 = 2*o + 2*y. List the prime factors of o.
2, 11
Let x = 22 - -2. Let q = 57 - x. What are the prime factors of q?
3, 11
Let w be (1/(-2))/(4/(-40)). Let n be ((-66)/8)/(2/(-8)). Suppose -4*m = 20, -n = -w*i + i + 5*m. What are the prime factors of i?
2
Suppose -48 = -0*j - 3*j. Let q = 37 - j. Suppose 3*s + q + 34 = 4*v, 4*v - 47 = -5*s. What are the prime factors of v?
13
Let s(p) = -9*p - 97*p**2 + 0 + 0 + 96*p**2 + 3. What are the prime factors of s(-8)?
11
Let b(y) = 27*y**3 + y**2 - y + 1. Let j be b(1). Suppose -5*u - j = -u. Let p = u + 14. What are the p